+ 2
-96
Evaluate 27 - (-48 - 3 - -54).
24
Calculate (13 - -43) + -66 - -4.
-6
What is the value of (-1 - -8) + 55 + 5 + 22 + -9 + 0?
80
What is the value of 21 + (-28 + 7 - -10) + -76 + -8?
-74
What is the value of ((-16 - 55) + 23 - (-7 - 1)) + 14 + 2?
-24
What is the value of 2 + -1 + 81 + -163 + 6 + -23?
-98
Calculate (-2 - -1 - 0) + 5 - (197 + 587 + -895).
115
Calculate -136 - (3 - (129 - 81)).
-91
What is 96 + (-85 - -6 - -22)?
39
What is (2 - 6) + -4 + -248 + 238?
-18
Evaluate -122 + 244 + -103 + (-166 - (-2 + 4)).
-149
Calculate 126 - ((1 - -4) + (-126 - (34 + -171))).
110
15 - ((-7 - 21 - -29) + (-8 - 1))
23
What is 5 + -115 + 133 + -94?
-71
Calculate -70 + (-7 + (0 - -26) - (4 + 2)).
-57
Calculate 35 + (35 - (0 + 40)).
30
Calculate -11 + -4 - (6 + (-8 - -13) + -18 + 1).
-9
What is (-61 - 23) + 17 + 91?
24
Evaluate (11 - 56) + -6 + 37.
-14
Calculate 124 + (-98 - 12) - (0 - 18).
32
What is the value of -1 + 0 - (-103 + 122) - -41?
21
What is 62 - (11 - (-3 + -5 + (53 - (24 + -3))))?
75
Evaluate -27 + (30 + -14 - 18) + 11 + 0.
-18
What is 86 + -25 - (-6 + (4 - -1) + -4)?
66
Evaluate -74 + 7 - (-24 - (-22 - (15 + -23))).
-57
Calculate 13 - 5 - (-224 + 187).
45
Evaluate 27 + -8 + 27 + -21 - 5.
20
What is 10 + (11 - 7) + 83 + -78?
19
What is the value of (-6 - 3) + 47 + (3 + 6 + -23 - -9)?
33
What is the value of -2 + 1 + 2 - (-93 - -48 - -51)?
-5
Calculate (4 - 85 - -103) + 3 + -46.
-21
What is the value of -173 + 139 + (15 - -2) + 13 + -1 + -2?
-7
Calculate (-8 - (6 - (-22 - -9 - -38))) + -5.
6
Evaluate -48 - -105 - 227 - -65.
-105
Calculate 3 + 14 + -1 + 29 + (9 - (-17 - 6)).
77
What is the value of (10 + 8 + -11 - (-32 + 4)) + 17?
52
What is -67 + (-93 + 63 - -24)?
-73
Calculate 0 - 17 - (-12 + 11 + -9 + 10).
-17
Calculate -9 - (-5 + (18 - (33 - 5))).
6
Calculate 146 - 173 - (-22 - 1) - (27 + 6).
-37
-84 + 4 + 12 + 11 + -15
-72
What is the value of 54 - 35 - (-1 + 12) - 2 - -6?
12
(28 - -18) + 6 + -32 - (0 - 0)
20
What is 9 + -16 + 9 + 27 + -39?
-10
Calculate 0 - 50 - 1 - (-528 + 507).
-30
What is 44 + 57 + -83 + 20?
38
What is (-16 - ((0 - (-7 - 0)) + 11)) + (9 - 2)?
-27
9 - (3 - 0 - (10 + (-13 - -7))) - -19
29
237 + -18 - (-243 - -315)
147
-73 + 16 + 13 - -92
48
Evaluate -4 + (-63 - -10 - -12) + (-3 - (-3 - 7)).
-38
Evaluate (1 - -16) + -1 + -86 + (-1 - 18).
-89
Calculate 11 - ((20 - 6) + -1) - (-40 - (3 + 0)).
41
What is the value of -97 - (-95 + 26) - (2 - 7)?
-23
Evaluate 8 + 5 + -8 + -21 + -7.
-23
What is 93 + -118 + -27 + 34?
-18
Evaluate (0 - 3) + -7 + (-26 - (1 - (0 - 2))).
-39
What is the value of -62 - (-19 + -29) - -42?
28
What is the value of -206 + 252 - (27 + -1)?
20
Evaluate 1 + (-10 - (20 + -15 - 32)).
18
-579 - -595 - (-74 - 0) - 14
76
-1 + -50 - (-100 + 45)
4
What is the value of (-22 + 8 - -10 - 6) + -39?
-49
What is (-62 - -12) + (-4 - -20 - (-2 - -6))?
-38
((-16 - -25) + 18 - 23) + 74
78
(19 - (26 + (-2 - 17))) + (-8 - 0)
4
What is 5 + -2 - (-6 - (-24 - -18)) - 7?
-4
What is (11 - (-6 - -21)) + (-4 - -21)?
13
What is the value of 3 - -1 - ((-10 - (23 - 1)) + 51)?
-15
What is 12 + 7 + -11 + 4 + -21 + 3 + -11?
-17
Evaluate 35 + (-27 - (-51 - -36)).
23
Calculate (33 - (-34 - -23) - 22) + -57.
-35
Evaluate 22 + -35 - (-5 + 4) - -23.
11
Evaluate -33 + -26 + (-21 + -6 - 9).
-95
Calculate -15 + (-6 - (292 + -294 - (-15 - -1))).
-33
What is -3 + -1 - (29 - (-4 + -13 - -17))?
-33
Evaluate 36 + 112 + -262 - -186.
72
Calculate 6 + (89 - 6) + -5 + (-4 - 12) + 29.
97
Evaluate (125 - 105) + (19 - -18).
57
-8 + (12 - 9) + (-119 - -153)
29
What is (28 - (17 + 41)) + -37?
-67
What is 102 + -68 - 71 - 30?
-67
What is the value of 10 + -4 + -2 + 21 + -2 + -33?
-10
What is the value of 25 + (-42 - (-54 - (-72 + 27)))?
-8
What is (-140 - -100) + -94 + 57?
-77
735 - 828 - (0 + -7)
-86
Calculate 14 + -21 + (26 - -2) - (153 - 75).
-57
Calculate -7 + 0 + -4 + (19 + -16 + 21 - 18).
-5
What is 53 + 6 - (-262 - -336)?
-15
38 + 7 + (-1 - (-5 - -18))
31
1 + -10 - ((-22 - -5) + (-4 - 1))
13
Evaluate -85 + 55 - -56 - -26.
52
What is the value of -66 + 38 - (-55 - -3) - 148?
-124
Calculate 4 + 1 + (-4 - 20) + -1 + (-2 - 4).
-26
What is (-32 - -65) + 21 - 164?
-110
Calculate -10 + (-16 - -39) - (1 - (-6 + (12 - 6))).
12
Evaluate (3 - (-42 + 31 + (3 - 5))) + -11.
5
Evaluate (29 - 36 - -3) + 47 + (2 - -13).
58
Evaluate (1 + 18 - (187 - 200)) + 40.
72
What is (-1 - (-19 + -3)) + (-33 - -18)?
6
Evaluate -555 - -528 - (-17 - 1).
-9
What is -17 + -2 + (7 - 0) + (-246 - -357)?
99
10 + (-2 - (3 + -2)) - (154 - 211)
64
Calculate -3 - (2 + 40 + -5) - -5 - (550 - 541).
-44
-74 - (-35 - -67) - -52
-54
What is the value of (16 - (3 + 5 + -4)) + (-56 - -185) + -5?
136
Calculate -186 - -62 - ((-6 + 16 - 10) + -8).
-116
Evaluate 0 - 2 - (195 + -170).
-27
-66 + 44 + -28 + (1 + (5 - 2) - 18)
-64
-42 + (16 - (-97 + 30))
41
Evaluate 1 + -18 - (-9040 - -8961).
62
Evaluate (-8 - 31 - 7) + -79 + 88 + (1 - 0).
-36
Evaluate -107 - -167 - (11 - (-8 + 9)).
50
Evaluate -51 - -85 - ((36 - 18) + -21).
37
What is the value of -4 - (-13 + -8 + 64 + -14 + -1)?
-32
Evaluate 0 + -1 + 50 + -33 + 32 + 8 + -13.
43
Calculate -4 + -8 + -19 + -21 + 34.
-18
(5 + 7 - 22) + (95 - 16)
69
What is the value of -10 - (0 + 38 - (8 + -29 + 7 + 6))?
-56
What is the value of (-13 - 0 - 1) + (8425 - 8414) - (1 - 17)?
13
Calculate -130 + -109 + 282 - (2 - -18).
23
What is -49 - (-10 + (21 - 1) - (17 + -8 - -7))?
-43
What is the value of 109 - 1 - 73 - (116 + 0)?
-81
Calculate 1 - 5 - (51 - (76 + -11)) - (1 - -55).
-46
Calculate -13 + -19 - (-46 + 61).
-47
(-47 - 1) + -3 - (39 + (-49 - (-6 - 15)))
-62
What is -172 + 179 - (-3 - (-1 - (-22 - -3)) - 4)?
32
18 + -1 - (34 - 19) - (-40 - 14)
56
Evaluate -6 - (2 - (2 - 5 - -14) - (-18 - -18)).
3
What is (-4 - -10) + 12 - (138 - 93)?
-27
1 + -10 - ((-23 - 49 - -77) + (-5 - 0))
-9
What is 154 - (-26 - (18 + -10) - -49)?
139
Calculate 146 - 142 - (57 - -1 - (4 + -9)).
-59
Evaluate -678 + 664 - (-1 + 2 - 25).
10
What is the value of (-1 - -6) + -50 + (41 - -9) + (1 - 7)?
-1
What is the value of 4 - 1 - -16 - (379 + -383)?
23
What is -91 + 48 + -49 + 9?
-83
What is (17 - (12 - -4)) + -1 + (1 - -1) + -75?
-73
Evaluate 41 + 3 + 9 - 13.
40
Evaluate -15 + 2 + -1 + 82 - 29.
39
What is (12 + (14 - 7) - (-86 + 117)) + -62?
-74
What is -81 + 43 - (6 + 4 + -12)?
-36
Calculate -35 + 30 + (22 - (-16 + 2)).
31
Evaluate -221 - -242 - (-1 + 78).
-56
(-3 - -38) + 178 + -231
-18
Calculate 3 + -10 + 11 + (5 - 16 - 10).
-17
Evaluate (57 - -12) + -73 + -49.
-53
89 - (207 + (-265 - -127))
20
Calculate 15 - (27 + -4 + 2 + (-1 - -5)).
-14
(-32 + 22 - 6) + 26 + (-4 - -1 - 57)
-50
-85 + -49 + 15 + -1 + 35
-85
Calculate -228 + 294 - (-3 + 23).
46
Calculate 23 + (28 - (56 - 26)) + -101.
-80
What is -20 - (104 - 68 - (-2 + -2))?
-60
Evaluate (13 - 28) + 6 + 4 + (-3 - 1) + 77.
68
9 - (-2 - (42 + -48 + -1 + -7)) - 64
-67
Calculate 32 + -39 - -8 - -22.
23
Evaluate -14 - ((-1 - -13) + (-19 - -53 - 42)).
-18
Evaluate 71 + -79 + (2 - 1) + -1 - (49 + -125).
68
What is -106 - -8 - 3 - (-1 - -7) - (312 + -328)?
-91
44 - ((-111 - -116) + 7 + 0 + 1)
31
What is 30 - (25 + -32 - (-2 - 6))?
29
-239 - -321 - ((-7 - -14) + -20 + 6)
89
Calculate (2 - -1) + (14 - -2 - 20) + -5.
-6
Evaluate (-34 + -34 - -125) + -29.
28
What is 1 + 15 + (24 + -28 + 42 - 51)?
3
What is the value of -34 + (28 - 19) + 23 + 0?
-2
Evaluate -97 + 42 + 1 + -8 + -38 + 48 + 6.
-46
Evaluate -108 - (1 + -9 + (-40 + 21 - (-6 + -27))).
-114
6 - 70 - (8 - (19 + -1 - -2))
-52
What is 46 + -10 - (112 - 65)?
-11
0 + -51 - (7 + (-26 - (-11 + -2) - -4))
-49
Calculate (-8 - -2) + 18 + (-31 - (27 + -134)) - 13.
75
Evaluate -14 + 31 + -41 - (3 - -19).
-46
What is -46 - (5 + (-7 + -1 - 6))?
-37
Evaluate -9 - (-17 + 12 + -8 + 2) - 5.
-3
Calculate 5 + -2 - (455 + -416).
-36
What is (-41 - -101) + -11 + -7 + (11 - 2) + -1?
50
What is the value of -24 + 23 + -6 + -9 + -43 - 16?
-75
What is (-2 - -8 - (1 + 11 - 27)) + -3?
18
What is the value of 45 - 81 - 118 - -56?
-98
-26 + 2 - -13 - (-70 - 10)
69
Evaluate (-2 + 3 + -3 - (-43 + 5 + 43)) + -6.
-13
Calculate 2 + 2 + (8 - (-29 + -28 + 27)).
42
(-4 - 23 - -35 - (5 - 4 - 5)) + 56
68
What is -13 + -2 - (59 - (50 + 16))?
-8
Evaluate -159 + 133 + 59 + -1 + 0.
32
Evaluate 50 + -154 + 116 + (1 - 24).
-11
W